{"id":120,"date":"2025-11-28T15:38:34","date_gmt":"2025-11-28T15:38:34","guid":{"rendered":"https:\/\/campinq.cluster100.hosting.ovh.net\/?page_id=120"},"modified":"2026-02-06T15:34:24","modified_gmt":"2026-02-06T15:34:24","slug":"activites-de-loisirs","status":"publish","type":"page","link":"https:\/\/www.camping-rochefort.com\/index.php\/activites-de-loisirs\/","title":{"rendered":"Activit\u00e9s"},"content":{"rendered":"\t\t<div data-elementor-type=\"wp-page\" data-elementor-id=\"120\" class=\"elementor elementor-120\">\n\t\t\t\t<div class=\"elementor-element elementor-element-3d1c056 e-flex e-con-boxed e-con e-parent\" data-id=\"3d1c056\" data-element_type=\"container\">\n\t\t\t\t\t<div class=\"e-con-inner\">\n\t\t\t\t<div class=\"elementor-element elementor-element-5991c85 elementor-widget elementor-widget-text-editor\" data-id=\"5991c85\" data-element_type=\"widget\" data-widget_type=\"text-editor.default\">\n\t\t\t\t\t\t\t\t\t<p style=\"text-align: center;\"><strong>Plusieurs activit\u00e9s, sur place ou aux alentours.<\/strong><\/p>\t\t\t\t\t\t\t\t<\/div>\n\t\t\t\t\t<\/div>\n\t\t\t\t<\/div>\n\t\t<div class=\"elementor-element elementor-element-e82d3fa e-grid e-con-boxed e-con e-parent\" data-id=\"e82d3fa\" data-element_type=\"container\" data-settings=\"{&quot;background_background&quot;:&quot;classic&quot;}\">\n\t\t\t\t\t<div class=\"e-con-inner\">\n\t\t\t\t<div class=\"elementor-element elementor-element-fc9c247 elementor-widget elementor-widget-image\" data-id=\"fc9c247\" data-element_type=\"widget\" data-widget_type=\"image.default\">\n\t\t\t\t\t\t\t\t\t\t\t\t<figure class=\"wp-caption\">\n\t\t\t\t\t\t\t\t\t\t<img fetchpriority=\"high\" decoding=\"async\" width=\"1024\" height=\"768\" src=\"https:\/\/www.camping-rochefort.com\/wp-content\/uploads\/2025\/11\/20230818_170033-1024x768.jpg\" class=\"attachment-large size-large wp-image-124\" alt=\"Piscine Rochefort\" srcset=\"https:\/\/www.camping-rochefort.com\/wp-content\/uploads\/2025\/11\/20230818_170033-1024x768.jpg 1024w, https:\/\/www.camping-rochefort.com\/wp-content\/uploads\/2025\/11\/20230818_170033-300x225.jpg 300w, https:\/\/www.camping-rochefort.com\/wp-content\/uploads\/2025\/11\/20230818_170033-768x576.jpg 768w, https:\/\/www.camping-rochefort.com\/wp-content\/uploads\/2025\/11\/20230818_170033-1536x1152.jpg 1536w, https:\/\/www.camping-rochefort.com\/wp-content\/uploads\/2025\/11\/20230818_170033-2048x1536.jpg 2048w\" sizes=\"(max-width: 1024px) 100vw, 1024px\" \/>\t\t\t\t\t\t\t\t\t\t\t<figcaption class=\"widget-image-caption wp-caption-text\">Piscine du Camping avec son toboggan aquatique. (Ouvert en Juillet et Ao\u00fbt) ATTENTION: elle n'est pas surveill\u00e9e !<\/figcaption>\n\t\t\t\t\t\t\t\t\t\t<\/figure>\n\t\t\t\t\t\t\t\t\t<\/div>\n\t\t\t\t<div class=\"elementor-element elementor-element-2b9c737 elementor-widget elementor-widget-image\" data-id=\"2b9c737\" data-element_type=\"widget\" data-widget_type=\"image.default\">\n\t\t\t\t\t\t\t\t\t\t\t\t<figure class=\"wp-caption\">\n\t\t\t\t\t\t\t\t\t\t<img decoding=\"async\" src=\"https:\/\/www.camping-rochefort.com\/wp-content\/uploads\/elementor\/thumbs\/20150710_153319-1-scaled-rfdlmjjig5rxmopwaszrmqxtbfrfejed2e9b3ai7tg.jpg\" title=\"Camping Le Bateau snack\" alt=\"Restaurant camping\" loading=\"lazy\" \/>\t\t\t\t\t\t\t\t\t\t\t<figcaption class=\"widget-image-caption wp-caption-text\">En Juillet et en Ao\u00fbt, restaurez-vous au Snack Bar du Camping.<\/figcaption>\n\t\t\t\t\t\t\t\t\t\t<\/figure>\n\t\t\t\t\t\t\t\t\t<\/div>\n\t\t\t\t<div class=\"elementor-element elementor-element-e2e7e41 elementor-widget__width-initial elementor-widget elementor-widget-image\" data-id=\"e2e7e41\" data-element_type=\"widget\" data-widget_type=\"image.default\">\n\t\t\t\t\t\t\t\t\t\t\t\t<figure class=\"wp-caption\">\n\t\t\t\t\t\t\t\t\t\t<img decoding=\"async\" width=\"1024\" height=\"768\" src=\"https:\/\/www.camping-rochefort.com\/wp-content\/uploads\/2025\/11\/20170719_231720-1024x768.jpg\" class=\"attachment-large size-large wp-image-128\" alt=\"Cracheur de feu Rochefort\" srcset=\"https:\/\/www.camping-rochefort.com\/wp-content\/uploads\/2025\/11\/20170719_231720-1024x768.jpg 1024w, https:\/\/www.camping-rochefort.com\/wp-content\/uploads\/2025\/11\/20170719_231720-300x225.jpg 300w, https:\/\/www.camping-rochefort.com\/wp-content\/uploads\/2025\/11\/20170719_231720-768x576.jpg 768w, https:\/\/www.camping-rochefort.com\/wp-content\/uploads\/2025\/11\/20170719_231720-1536x1152.jpg 1536w, https:\/\/www.camping-rochefort.com\/wp-content\/uploads\/2025\/11\/20170719_231720-2048x1536.jpg 2048w\" sizes=\"(max-width: 1024px) 100vw, 1024px\" \/>\t\t\t\t\t\t\t\t\t\t\t<figcaption class=\"widget-image-caption wp-caption-text\">Il fait chaud au camping ! Assistez aux soir\u00e9es du snack bar.<\/figcaption>\n\t\t\t\t\t\t\t\t\t\t<\/figure>\n\t\t\t\t\t\t\t\t\t<\/div>\n\t\t\t\t\t<\/div>\n\t\t\t\t<\/div>\n\t\t<div class=\"elementor-element elementor-element-6d4a124 e-flex e-con-boxed e-con e-parent\" data-id=\"6d4a124\" data-element_type=\"container\" data-settings=\"{&quot;background_background&quot;:&quot;classic&quot;}\">\n\t\t\t\t\t<div class=\"e-con-inner\">\n\t\t<div class=\"elementor-element elementor-element-b9e2ccc e-con-full e-flex e-con e-child\" data-id=\"b9e2ccc\" data-element_type=\"container\">\n\t\t\t\t<div class=\"elementor-element elementor-element-bd57968 elementor-widget elementor-widget-image\" data-id=\"bd57968\" data-element_type=\"widget\" data-widget_type=\"image.default\">\n\t\t\t\t\t\t\t\t\t\t\t\t<figure class=\"wp-caption\">\n\t\t\t\t\t\t\t\t\t\t<img decoding=\"async\" width=\"960\" height=\"720\" src=\"https:\/\/www.camping-rochefort.com\/wp-content\/uploads\/2025\/11\/B5DA007E-36AC-41ED-9FA5-2D16621E5592.jpeg\" class=\"attachment-large size-large wp-image-122\" alt=\"Poisson \u00e9tang\" srcset=\"https:\/\/www.camping-rochefort.com\/wp-content\/uploads\/2025\/11\/B5DA007E-36AC-41ED-9FA5-2D16621E5592.jpeg 960w, https:\/\/www.camping-rochefort.com\/wp-content\/uploads\/2025\/11\/B5DA007E-36AC-41ED-9FA5-2D16621E5592-300x225.jpeg 300w, https:\/\/www.camping-rochefort.com\/wp-content\/uploads\/2025\/11\/B5DA007E-36AC-41ED-9FA5-2D16621E5592-768x576.jpeg 768w\" sizes=\"(max-width: 960px) 100vw, 960px\" \/>\t\t\t\t\t\t\t\t\t\t\t<figcaption class=\"widget-image-caption wp-caption-text\">P\u00eache sur l'\u00e9tang du camping.  Vous y trouverez: Carpe, Gardon, Anguille.<\/figcaption>\n\t\t\t\t\t\t\t\t\t\t<\/figure>\n\t\t\t\t\t\t\t\t\t<\/div>\n\t\t\t\t<\/div>\n\t\t<div class=\"elementor-element elementor-element-69ead57 e-con-full e-flex e-con e-child\" data-id=\"69ead57\" data-element_type=\"container\">\n\t\t\t\t<div class=\"elementor-element elementor-element-d296f13 elementor-widget elementor-widget-image\" data-id=\"d296f13\" data-element_type=\"widget\" data-widget_type=\"image.default\">\n\t\t\t\t\t\t\t\t\t\t\t\t<figure class=\"wp-caption\">\n\t\t\t\t\t\t\t\t\t\t<img decoding=\"async\" src=\"https:\/\/www.camping-rochefort.com\/wp-content\/uploads\/elementor\/thumbs\/IMG_1369-scaled-rfdld8wyv51u01izlqsvu0cimifsfnm9tg6xrgtrsc.jpg\" title=\"Cano\u00eb Rochefort\" alt=\"Club nautique Rochefort\" loading=\"lazy\" \/>\t\t\t\t\t\t\t\t\t\t\t<figcaption class=\"widget-image-caption wp-caption-text\">Vous pourrez pratiquer le cano\u00eb directement sur l'\u00e9tang du camping en passant par le club nautique.<\/figcaption>\n\t\t\t\t\t\t\t\t\t\t<\/figure>\n\t\t\t\t\t\t\t\t\t<\/div>\n\t\t\t\t<\/div>\n\t\t\t\t\t<\/div>\n\t\t\t\t<\/div>\n\t\t<div class=\"elementor-element elementor-element-3f3b9c6 e-grid e-con-boxed e-con e-parent\" data-id=\"3f3b9c6\" data-element_type=\"container\" data-settings=\"{&quot;background_background&quot;:&quot;classic&quot;}\">\n\t\t\t\t\t<div class=\"e-con-inner\">\n\t\t\t\t<div class=\"elementor-element elementor-element-5951468 elementor-widget elementor-widget-image\" data-id=\"5951468\" data-element_type=\"widget\" data-widget_type=\"image.default\">\n\t\t\t\t\t\t\t\t\t\t\t\t<figure class=\"wp-caption\">\n\t\t\t\t\t\t\t\t\t\t<img loading=\"lazy\" decoding=\"async\" width=\"1024\" height=\"768\" src=\"https:\/\/www.camping-rochefort.com\/wp-content\/uploads\/2025\/11\/20230818_170653-1024x768.jpg\" class=\"attachment-large size-large wp-image-125\" alt=\"Air de jeux enfants\" srcset=\"https:\/\/www.camping-rochefort.com\/wp-content\/uploads\/2025\/11\/20230818_170653-1024x768.jpg 1024w, https:\/\/www.camping-rochefort.com\/wp-content\/uploads\/2025\/11\/20230818_170653-300x225.jpg 300w, https:\/\/www.camping-rochefort.com\/wp-content\/uploads\/2025\/11\/20230818_170653-768x576.jpg 768w, https:\/\/www.camping-rochefort.com\/wp-content\/uploads\/2025\/11\/20230818_170653-1536x1152.jpg 1536w, https:\/\/www.camping-rochefort.com\/wp-content\/uploads\/2025\/11\/20230818_170653-2048x1536.jpg 2048w\" sizes=\"(max-width: 1024px) 100vw, 1024px\" \/>\t\t\t\t\t\t\t\t\t\t\t<figcaption class=\"widget-image-caption wp-caption-text\">Aire de jeux pour les enfants.<\/figcaption>\n\t\t\t\t\t\t\t\t\t\t<\/figure>\n\t\t\t\t\t\t\t\t\t<\/div>\n\t\t\t\t<div class=\"elementor-element elementor-element-a2dd9f1 elementor-widget elementor-widget-image\" data-id=\"a2dd9f1\" data-element_type=\"widget\" data-widget_type=\"image.default\">\n\t\t\t\t\t\t\t\t\t\t\t\t<figure class=\"wp-caption\">\n\t\t\t\t\t\t\t\t\t\t<img loading=\"lazy\" decoding=\"async\" width=\"770\" height=\"380\" src=\"https:\/\/www.camping-rochefort.com\/wp-content\/uploads\/2025\/11\/La-Flow-Velo-Rochefort-TTW-Production-25.jpg.webp\" class=\"attachment-full size-full wp-image-129\" alt=\"Pistes cyclables\" srcset=\"https:\/\/www.camping-rochefort.com\/wp-content\/uploads\/2025\/11\/La-Flow-Velo-Rochefort-TTW-Production-25.jpg.webp 770w, https:\/\/www.camping-rochefort.com\/wp-content\/uploads\/2025\/11\/La-Flow-Velo-Rochefort-TTW-Production-25.jpg-300x148.webp 300w, https:\/\/www.camping-rochefort.com\/wp-content\/uploads\/2025\/11\/La-Flow-Velo-Rochefort-TTW-Production-25.jpg-768x379.webp 768w\" sizes=\"(max-width: 770px) 100vw, 770px\" \/>\t\t\t\t\t\t\t\t\t\t\t<figcaption class=\"widget-image-caption wp-caption-text\">Balade \u00e0 v\u00e9lo \u00e0 Rochefort, plusieurs pistes cyclables possibles aux portes du camping.<\/figcaption>\n\t\t\t\t\t\t\t\t\t\t<\/figure>\n\t\t\t\t\t\t\t\t\t<\/div>\n\t\t\t\t<div class=\"elementor-element elementor-element-f0880bf elementor-widget elementor-widget-image\" data-id=\"f0880bf\" data-element_type=\"widget\" data-widget_type=\"image.default\">\n\t\t\t\t\t\t\t\t\t\t\t\t<figure class=\"wp-caption\">\n\t\t\t\t\t\t\t\t\t\t<img loading=\"lazy\" decoding=\"async\" width=\"1024\" height=\"768\" src=\"https:\/\/www.camping-rochefort.com\/wp-content\/uploads\/2025\/11\/20190831_152230-1024x768.jpg\" class=\"attachment-large size-large wp-image-14\" alt=\"CAMPING LE BATEAU NATURE\" srcset=\"https:\/\/www.camping-rochefort.com\/wp-content\/uploads\/2025\/11\/20190831_152230-1024x768.jpg 1024w, https:\/\/www.camping-rochefort.com\/wp-content\/uploads\/2025\/11\/20190831_152230-300x225.jpg 300w, https:\/\/www.camping-rochefort.com\/wp-content\/uploads\/2025\/11\/20190831_152230-768x576.jpg 768w, https:\/\/www.camping-rochefort.com\/wp-content\/uploads\/2025\/11\/20190831_152230-1536x1152.jpg 1536w, https:\/\/www.camping-rochefort.com\/wp-content\/uploads\/2025\/11\/20190831_152230-2048x1536.jpg 2048w\" sizes=\"(max-width: 1024px) 100vw, 1024px\" \/>\t\t\t\t\t\t\t\t\t\t\t<figcaption class=\"widget-image-caption wp-caption-text\">Un petit moment de tranquillit\u00e9 avec les animaux.<\/figcaption>\n\t\t\t\t\t\t\t\t\t\t<\/figure>\n\t\t\t\t\t\t\t\t\t<\/div>\n\t\t\t\t\t<\/div>\n\t\t\t\t<\/div>\n\t\t<div class=\"elementor-element elementor-element-866b498 e-flex e-con-boxed e-con e-parent\" data-id=\"866b498\" data-element_type=\"container\" data-settings=\"{&quot;background_background&quot;:&quot;classic&quot;}\">\n\t\t\t\t\t<div class=\"e-con-inner\">\n\t\t<div class=\"elementor-element elementor-element-30fcff9 e-con-full e-flex e-con e-child\" data-id=\"30fcff9\" data-element_type=\"container\">\n\t\t\t\t<div class=\"elementor-element elementor-element-4dc4a92 elementor-widget elementor-widget-image\" data-id=\"4dc4a92\" data-element_type=\"widget\" data-widget_type=\"image.default\">\n\t\t\t\t\t\t\t\t\t\t\t\t<figure class=\"wp-caption\">\n\t\t\t\t\t\t\t\t\t\t<img decoding=\"async\" src=\"https:\/\/www.camping-rochefort.com\/wp-content\/uploads\/elementor\/thumbs\/20230719_212942-scaled-rfdla36hw6v1yr4a1x7sqs0c2nlq37ohigsg82yxfa.jpg\" title=\"balade coucher de soleil\" alt=\"Ponton Charente\" loading=\"lazy\" \/>\t\t\t\t\t\t\t\t\t\t\t<figcaption class=\"widget-image-caption wp-caption-text\">Arr\u00eatez-vous un court instant, pour contempler le coucher de soleil.<\/figcaption>\n\t\t\t\t\t\t\t\t\t\t<\/figure>\n\t\t\t\t\t\t\t\t\t<\/div>\n\t\t\t\t<\/div>\n\t\t<div class=\"elementor-element elementor-element-7d5b3f9 e-con-full e-flex e-con e-child\" data-id=\"7d5b3f9\" data-element_type=\"container\">\n\t\t<div class=\"elementor-element elementor-element-b125274 e-con-full e-flex e-con e-child\" data-id=\"b125274\" data-element_type=\"container\">\n\t\t\t\t<div class=\"elementor-element elementor-element-769b6d3 elementor-widget elementor-widget-image\" data-id=\"769b6d3\" data-element_type=\"widget\" data-widget_type=\"image.default\">\n\t\t\t\t\t\t\t\t\t\t\t\t<figure class=\"wp-caption\">\n\t\t\t\t\t\t\t\t\t\t<img loading=\"lazy\" decoding=\"async\" width=\"1024\" height=\"683\" src=\"https:\/\/www.camping-rochefort.com\/wp-content\/uploads\/2025\/11\/IMG_0258-1024x683.jpg\" class=\"attachment-large size-large wp-image-99\" alt=\"Terrain de p\u00e9tanque camping\" srcset=\"https:\/\/www.camping-rochefort.com\/wp-content\/uploads\/2025\/11\/IMG_0258-1024x683.jpg 1024w, https:\/\/www.camping-rochefort.com\/wp-content\/uploads\/2025\/11\/IMG_0258-300x200.jpg 300w, https:\/\/www.camping-rochefort.com\/wp-content\/uploads\/2025\/11\/IMG_0258-768x512.jpg 768w, https:\/\/www.camping-rochefort.com\/wp-content\/uploads\/2025\/11\/IMG_0258-1536x1024.jpg 1536w, https:\/\/www.camping-rochefort.com\/wp-content\/uploads\/2025\/11\/IMG_0258-2048x1365.jpg 2048w\" sizes=\"(max-width: 1024px) 100vw, 1024px\" \/>\t\t\t\t\t\t\t\t\t\t\t<figcaption class=\"widget-image-caption wp-caption-text\">Terrain de p\u00e9tanque disponible tous les jours de la semaine avec concours en\u00a0 Juillet et Ao\u00fbt.<\/figcaption>\n\t\t\t\t\t\t\t\t\t\t<\/figure>\n\t\t\t\t\t\t\t\t\t<\/div>\n\t\t\t\t<\/div>\n\t\t<div class=\"elementor-element elementor-element-f122378 e-con-full e-flex e-con e-child\" data-id=\"f122378\" data-element_type=\"container\">\n\t\t\t\t<div class=\"elementor-element elementor-element-da3c41f elementor-widget elementor-widget-image\" data-id=\"da3c41f\" data-element_type=\"widget\" data-widget_type=\"image.default\">\n\t\t\t\t\t\t\t\t\t\t\t\t<figure class=\"wp-caption\">\n\t\t\t\t\t\t\t\t\t\t<img loading=\"lazy\" decoding=\"async\" width=\"640\" height=\"480\" src=\"https:\/\/www.camping-rochefort.com\/wp-content\/uploads\/2025\/11\/TENNIS.jpg\" class=\"attachment-medium_large size-medium_large wp-image-100\" alt=\"Terrain de tennis Rochefort\" srcset=\"https:\/\/www.camping-rochefort.com\/wp-content\/uploads\/2025\/11\/TENNIS.jpg 640w, https:\/\/www.camping-rochefort.com\/wp-content\/uploads\/2025\/11\/TENNIS-300x225.jpg 300w\" sizes=\"(max-width: 640px) 100vw, 640px\" \/>\t\t\t\t\t\t\t\t\t\t\t<figcaption class=\"widget-image-caption wp-caption-text\">Terrain de tennis disponible  selon les jours d'ouverture de l'accueil.<\/figcaption>\n\t\t\t\t\t\t\t\t\t\t<\/figure>\n\t\t\t\t\t\t\t\t\t<\/div>\n\t\t\t\t<\/div>\n\t\t\t\t<\/div>\n\t\t\t\t\t<\/div>\n\t\t\t\t<\/div>\n\t\t\t\t<\/div>\n\t\t","protected":false},"excerpt":{"rendered":"<p>Plusieurs activit\u00e9s, sur place ou aux alentours. Piscine du Camping avec son toboggan aquatique. (Ouvert en Juillet et Ao\u00fbt) ATTENTION: [&hellip;]<\/p>\n","protected":false},"author":1,"featured_media":0,"parent":0,"menu_order":0,"comment_status":"closed","ping_status":"closed","template":"","meta":{"site-sidebar-layout":"default","site-content-layout":"","ast-site-content-layout":"default","site-content-style":"default","site-sidebar-style":"default","ast-global-header-display":"","ast-banner-title-visibility":"","ast-main-header-display":"","ast-hfb-above-header-display":"","ast-hfb-below-header-display":"","ast-hfb-mobile-header-display":"","site-post-title":"","ast-breadcrumbs-content":"","ast-featured-img":"","footer-sml-layout":"","ast-disable-related-posts":"","theme-transparent-header-meta":"","adv-header-id-meta":"","stick-header-meta":"","header-above-stick-meta":"","header-main-stick-meta":"","header-below-stick-meta":"","astra-migrate-meta-layouts":"default","ast-page-background-enabled":"default","ast-page-background-meta":{"desktop":{"background-color":"var(--ast-global-color-5)","background-image":"","background-repeat":"repeat","background-position":"center center","background-size":"auto","background-attachment":"scroll","background-type":"","background-media":"","overlay-type":"","overlay-color":"","overlay-opacity":"","overlay-gradient":""},"tablet":{"background-color":"","background-image":"","background-repeat":"repeat","background-position":"center center","background-size":"auto","background-attachment":"scroll","background-type":"","background-media":"","overlay-type":"","overlay-color":"","overlay-opacity":"","overlay-gradient":""},"mobile":{"background-color":"","background-image":"","background-repeat":"repeat","background-position":"center center","background-size":"auto","background-attachment":"scroll","background-type":"","background-media":"","overlay-type":"","overlay-color":"","overlay-opacity":"","overlay-gradient":""}},"ast-content-background-meta":{"desktop":{"background-color":"var(--ast-global-color-4)","background-image":"","background-repeat":"repeat","background-position":"center center","background-size":"auto","background-attachment":"scroll","background-type":"","background-media":"","overlay-type":"","overlay-color":"","overlay-opacity":"","overlay-gradient":""},"tablet":{"background-color":"var(--ast-global-color-4)","background-image":"","background-repeat":"repeat","background-position":"center center","background-size":"auto","background-attachment":"scroll","background-type":"","background-media":"","overlay-type":"","overlay-color":"","overlay-opacity":"","overlay-gradient":""},"mobile":{"background-color":"var(--ast-global-color-4)","background-image":"","background-repeat":"repeat","background-position":"center center","background-size":"auto","background-attachment":"scroll","background-type":"","background-media":"","overlay-type":"","overlay-color":"","overlay-opacity":"","overlay-gradient":""}},"footnotes":""},"class_list":["post-120","page","type-page","status-publish","hentry"],"_links":{"self":[{"href":"https:\/\/www.camping-rochefort.com\/index.php\/wp-json\/wp\/v2\/pages\/120","targetHints":{"allow":["GET"]}}],"collection":[{"href":"https:\/\/www.camping-rochefort.com\/index.php\/wp-json\/wp\/v2\/pages"}],"about":[{"href":"https:\/\/www.camping-rochefort.com\/index.php\/wp-json\/wp\/v2\/types\/page"}],"author":[{"embeddable":true,"href":"https:\/\/www.camping-rochefort.com\/index.php\/wp-json\/wp\/v2\/users\/1"}],"replies":[{"embeddable":true,"href":"https:\/\/www.camping-rochefort.com\/index.php\/wp-json\/wp\/v2\/comments?post=120"}],"version-history":[{"count":120,"href":"https:\/\/www.camping-rochefort.com\/index.php\/wp-json\/wp\/v2\/pages\/120\/revisions"}],"predecessor-version":[{"id":1049,"href":"https:\/\/www.camping-rochefort.com\/index.php\/wp-json\/wp\/v2\/pages\/120\/revisions\/1049"}],"wp:attachment":[{"href":"https:\/\/www.camping-rochefort.com\/index.php\/wp-json\/wp\/v2\/media?parent=120"}],"curies":[{"name":"wp","href":"https:\/\/api.w.org\/{rel}","templated":true}]}}