{"id":600,"date":"2026-02-04T15:20:04","date_gmt":"2026-02-04T15:20:04","guid":{"rendered":"https:\/\/www.camping-rochefort.com\/?page_id=600"},"modified":"2026-02-06T10:32:57","modified_gmt":"2026-02-06T10:32:57","slug":"cyclistes","status":"publish","type":"page","link":"https:\/\/www.camping-rochefort.com\/index.php\/cyclistes\/","title":{"rendered":"Cyclistes"},"content":{"rendered":"\t\t<div data-elementor-type=\"wp-page\" data-elementor-id=\"600\" class=\"elementor elementor-600\">\n\t\t\t\t<div class=\"elementor-element elementor-element-e61e89a e-flex e-con-boxed e-con e-parent\" data-id=\"e61e89a\" data-element_type=\"container\">\n\t\t\t\t\t<div class=\"e-con-inner\">\n\t\t\t\t<div class=\"elementor-element elementor-element-0cf9d3c elementor-invisible elementor-widget elementor-widget-heading\" data-id=\"0cf9d3c\" data-element_type=\"widget\" data-settings=\"{&quot;_animation&quot;:&quot;tada&quot;}\" data-widget_type=\"heading.default\">\n\t\t\t\t\t<h1 class=\"elementor-heading-title elementor-size-default\">Amis cyclistes ! On vous attend !<\/h1>\t\t\t\t<\/div>\n\t\t\t\t<div class=\"elementor-element elementor-element-a17e41a elementor-widget elementor-widget-image\" data-id=\"a17e41a\" data-element_type=\"widget\" data-widget_type=\"image.default\">\n\t\t\t\t\t\t\t\t\t\t\t\t\t\t\t<img fetchpriority=\"high\" decoding=\"async\" width=\"1024\" height=\"576\" src=\"https:\/\/www.camping-rochefort.com\/wp-content\/uploads\/2026\/02\/20210719_153010_03-1024x576.jpg\" class=\"attachment-large size-large wp-image-607\" alt=\"camping calme\" srcset=\"https:\/\/www.camping-rochefort.com\/wp-content\/uploads\/2026\/02\/20210719_153010_03-1024x576.jpg 1024w, https:\/\/www.camping-rochefort.com\/wp-content\/uploads\/2026\/02\/20210719_153010_03-300x169.jpg 300w, https:\/\/www.camping-rochefort.com\/wp-content\/uploads\/2026\/02\/20210719_153010_03-768x432.jpg 768w, https:\/\/www.camping-rochefort.com\/wp-content\/uploads\/2026\/02\/20210719_153010_03-1536x864.jpg 1536w, https:\/\/www.camping-rochefort.com\/wp-content\/uploads\/2026\/02\/20210719_153010_03-2048x1152.jpg 2048w\" sizes=\"(max-width: 1024px) 100vw, 1024px\" \/>\t\t\t\t\t\t\t\t\t\t\t\t\t\t\t<\/div>\n\t\t\t\t\t<\/div>\n\t\t\t\t<\/div>\n\t\t<div class=\"elementor-element elementor-element-ac56473 e-flex e-con-boxed e-con e-parent\" data-id=\"ac56473\" data-element_type=\"container\">\n\t\t\t\t\t<div class=\"e-con-inner\">\n\t\t\t\t<div class=\"elementor-element elementor-element-9f2eda4 elementor-widget elementor-widget-text-editor\" data-id=\"9f2eda4\" data-element_type=\"widget\" data-widget_type=\"text-editor.default\">\n\t\t\t\t\t\t\t\t\t<p><strong>Ici, vous trouverez un espace sans \u00e9lectricit\u00e9, sans v\u00e9hicules avec pour seul bruit, le chant de oiseaux et le bruit des vagues.<\/strong><\/p>\t\t\t\t\t\t\t\t<\/div>\n\t\t\t\t\t<\/div>\n\t\t\t\t<\/div>\n\t\t<div class=\"elementor-element elementor-element-a8dab53 e-grid e-con-boxed e-con e-parent\" data-id=\"a8dab53\" data-element_type=\"container\">\n\t\t\t\t\t<div class=\"e-con-inner\">\n\t\t\t\t<div class=\"elementor-element elementor-element-ea21836 elementor-widget elementor-widget-image\" data-id=\"ea21836\" data-element_type=\"widget\" data-widget_type=\"image.default\">\n\t\t\t\t\t\t\t\t\t\t\t\t\t\t\t<img decoding=\"async\" src=\"https:\/\/www.camping-rochefort.com\/wp-content\/uploads\/elementor\/thumbs\/20230718_112056-scaled-rinyhc73bg63ax7i2x45xfebto8k1cvybxmqbutjt4.jpg\" title=\"sanitaires bateau\" alt=\"sanitaires camping Le Bateau\" loading=\"lazy\" \/>\t\t\t\t\t\t\t\t\t\t\t\t\t\t\t<\/div>\n\t\t\t\t<div class=\"elementor-element elementor-element-2e4861f elementor-widget elementor-widget-image\" data-id=\"2e4861f\" data-element_type=\"widget\" data-widget_type=\"image.default\">\n\t\t\t\t\t\t\t\t\t\t\t\t\t\t\t<img decoding=\"async\" width=\"770\" height=\"380\" src=\"https:\/\/www.camping-rochefort.com\/wp-content\/uploads\/2025\/11\/La-Flow-Velo-Rochefort-TTW-Production-25.jpg.webp\" class=\"attachment-full size-full wp-image-129\" alt=\"Pistes cyclables\" srcset=\"https:\/\/www.camping-rochefort.com\/wp-content\/uploads\/2025\/11\/La-Flow-Velo-Rochefort-TTW-Production-25.jpg.webp 770w, https:\/\/www.camping-rochefort.com\/wp-content\/uploads\/2025\/11\/La-Flow-Velo-Rochefort-TTW-Production-25.jpg-300x148.webp 300w, https:\/\/www.camping-rochefort.com\/wp-content\/uploads\/2025\/11\/La-Flow-Velo-Rochefort-TTW-Production-25.jpg-768x379.webp 768w\" sizes=\"(max-width: 770px) 100vw, 770px\" \/>\t\t\t\t\t\t\t\t\t\t\t\t\t\t\t<\/div>\n\t\t\t\t\t<\/div>\n\t\t\t\t<\/div>\n\t\t<div class=\"elementor-element elementor-element-cc6841e e-grid e-con-boxed e-con e-parent\" data-id=\"cc6841e\" data-element_type=\"container\">\n\t\t\t\t\t<div class=\"e-con-inner\">\n\t\t\t\t<div class=\"elementor-element elementor-element-5f1d7a4 elementor-widget elementor-widget-text-editor\" data-id=\"5f1d7a4\" data-element_type=\"widget\" data-widget_type=\"text-editor.default\">\n\t\t\t\t\t\t\t\t\t<p><strong>Pour charger vos appareils, vous pourrez les laisser \u00e0 l&rsquo;accueil ou bien dans les sanitaires sous votre surveillance \ud83d\ude09<\/strong><\/p>\t\t\t\t\t\t\t\t<\/div>\n\t\t\t\t<div class=\"elementor-element elementor-element-74206d4 elementor-widget elementor-widget-text-editor\" data-id=\"74206d4\" data-element_type=\"widget\" data-widget_type=\"text-editor.default\">\n\t\t\t\t\t\t\t\t\t<p><strong>Un acc\u00e8s direct aux pistes cyclables\u00a0 (la FlowV\u00e9lo et la V\u00e9lodyss\u00e9e) depuis le camping.<\/strong><\/p>\t\t\t\t\t\t\t\t<\/div>\n\t\t\t\t\t<\/div>\n\t\t\t\t<\/div>\n\t\t<div class=\"elementor-element elementor-element-caf0763 e-grid e-con-boxed e-con e-parent\" data-id=\"caf0763\" data-element_type=\"container\">\n\t\t\t\t\t<div class=\"e-con-inner\">\n\t\t\t\t<div class=\"elementor-element elementor-element-7d5b500 elementor-widget elementor-widget-image\" data-id=\"7d5b500\" data-element_type=\"widget\" data-widget_type=\"image.default\">\n\t\t\t\t\t\t\t\t\t\t\t\t\t\t\t<img decoding=\"async\" width=\"1024\" height=\"576\" src=\"https:\/\/www.camping-rochefort.com\/wp-content\/uploads\/2025\/11\/20150710_153319-1-1024x576.jpg\" class=\"attachment-large size-large wp-image-134\" alt=\"Restaurant camping\" srcset=\"https:\/\/www.camping-rochefort.com\/wp-content\/uploads\/2025\/11\/20150710_153319-1-1024x576.jpg 1024w, https:\/\/www.camping-rochefort.com\/wp-content\/uploads\/2025\/11\/20150710_153319-1-300x169.jpg 300w, https:\/\/www.camping-rochefort.com\/wp-content\/uploads\/2025\/11\/20150710_153319-1-768x432.jpg 768w, https:\/\/www.camping-rochefort.com\/wp-content\/uploads\/2025\/11\/20150710_153319-1-1536x864.jpg 1536w, https:\/\/www.camping-rochefort.com\/wp-content\/uploads\/2025\/11\/20150710_153319-1-2048x1152.jpg 2048w\" sizes=\"(max-width: 1024px) 100vw, 1024px\" \/>\t\t\t\t\t\t\t\t\t\t\t\t\t\t\t<\/div>\n\t\t\t\t\t<\/div>\n\t\t\t\t<\/div>\n\t\t<div class=\"elementor-element elementor-element-88769c8 e-flex e-con-boxed e-con e-parent\" data-id=\"88769c8\" data-element_type=\"container\">\n\t\t\t\t\t<div class=\"e-con-inner\">\n\t\t\t\t<div class=\"elementor-element elementor-element-667e00e elementor-widget elementor-widget-text-editor\" data-id=\"667e00e\" data-element_type=\"widget\" data-widget_type=\"text-editor.default\">\n\t\t\t\t\t\t\t\t\t<p style=\"text-align: center;\"><strong>Le snack bar du camping vous accueille en Juillet et en Ao\u00fbt pour prendre un verre et vous restaurez. Assistez \u00e9galement aux soir\u00e9es du camping !<\/strong><\/p>\t\t\t\t\t\t\t\t<\/div>\n\t\t\t\t\t<\/div>\n\t\t\t\t<\/div>\n\t\t<div class=\"elementor-element elementor-element-bb5dffc e-flex e-con-boxed e-con e-parent\" data-id=\"bb5dffc\" data-element_type=\"container\">\n\t\t\t\t\t<div class=\"e-con-inner\">\n\t\t\t\t<div class=\"elementor-element elementor-element-05f2387 elementor-align-center elementor-widget elementor-widget-button\" data-id=\"05f2387\" data-element_type=\"widget\" data-widget_type=\"button.default\">\n\t\t\t\t\t\t\t\t\t\t<a class=\"elementor-button elementor-button-link elementor-size-sm elementor-animation-bob\" href=\"http:\/\/campinq.cluster100.hosting.ovh.net\/wp-content\/uploads\/2025\/11\/tarifs-2026.pdf\">\n\t\t\t\t\t\t<span class=\"elementor-button-content-wrapper\">\n\t\t\t\t\t\t\t\t\t<span class=\"elementor-button-text\">T\u00e9l\u00e9charger les tarifs et le bon de r\u00e9servation<\/span>\n\t\t\t\t\t<\/span>\n\t\t\t\t\t<\/a>\n\t\t\t\t\t\t\t\t<\/div>\n\t\t\t\t\t<\/div>\n\t\t\t\t<\/div>\n\t\t\t\t<\/div>\n\t\t","protected":false},"excerpt":{"rendered":"<p>Amis cyclistes ! On vous attend ! Ici, vous trouverez un espace sans \u00e9lectricit\u00e9, sans v\u00e9hicules avec pour seul bruit, [&hellip;]<\/p>\n","protected":false},"author":1,"featured_media":0,"parent":0,"menu_order":0,"comment_status":"closed","ping_status":"closed","template":"","meta":{"site-sidebar-layout":"no-sidebar","site-content-layout":"","ast-site-content-layout":"full-width-container","site-content-style":"default","site-sidebar-style":"default","ast-global-header-display":"","ast-banner-title-visibility":"","ast-main-header-display":"","ast-hfb-above-header-display":"","ast-hfb-below-header-display":"","ast-hfb-mobile-header-display":"","site-post-title":"","ast-breadcrumbs-content":"","ast-featured-img":"disabled","footer-sml-layout":"","ast-disable-related-posts":"","theme-transparent-header-meta":"","adv-header-id-meta":"","stick-header-meta":"","header-above-stick-meta":"","header-main-stick-meta":"","header-below-stick-meta":"","astra-migrate-meta-layouts":"default","ast-page-background-enabled":"default","ast-page-background-meta":{"desktop":{"background-color":"var(--ast-global-color-5)","background-image":"","background-repeat":"repeat","background-position":"center center","background-size":"auto","background-attachment":"scroll","background-type":"","background-media":"","overlay-type":"","overlay-color":"","overlay-opacity":"","overlay-gradient":""},"tablet":{"background-color":"","background-image":"","background-repeat":"repeat","background-position":"center center","background-size":"auto","background-attachment":"scroll","background-type":"","background-media":"","overlay-type":"","overlay-color":"","overlay-opacity":"","overlay-gradient":""},"mobile":{"background-color":"","background-image":"","background-repeat":"repeat","background-position":"center center","background-size":"auto","background-attachment":"scroll","background-type":"","background-media":"","overlay-type":"","overlay-color":"","overlay-opacity":"","overlay-gradient":""}},"ast-content-background-meta":{"desktop":{"background-color":"var(--ast-global-color-4)","background-image":"","background-repeat":"repeat","background-position":"center center","background-size":"auto","background-attachment":"scroll","background-type":"","background-media":"","overlay-type":"","overlay-color":"","overlay-opacity":"","overlay-gradient":""},"tablet":{"background-color":"var(--ast-global-color-4)","background-image":"","background-repeat":"repeat","background-position":"center center","background-size":"auto","background-attachment":"scroll","background-type":"","background-media":"","overlay-type":"","overlay-color":"","overlay-opacity":"","overlay-gradient":""},"mobile":{"background-color":"var(--ast-global-color-4)","background-image":"","background-repeat":"repeat","background-position":"center center","background-size":"auto","background-attachment":"scroll","background-type":"","background-media":"","overlay-type":"","overlay-color":"","overlay-opacity":"","overlay-gradient":""}},"footnotes":""},"class_list":["post-600","page","type-page","status-publish","hentry"],"_links":{"self":[{"href":"https:\/\/www.camping-rochefort.com\/index.php\/wp-json\/wp\/v2\/pages\/600","targetHints":{"allow":["GET"]}}],"collection":[{"href":"https:\/\/www.camping-rochefort.com\/index.php\/wp-json\/wp\/v2\/pages"}],"about":[{"href":"https:\/\/www.camping-rochefort.com\/index.php\/wp-json\/wp\/v2\/types\/page"}],"author":[{"embeddable":true,"href":"https:\/\/www.camping-rochefort.com\/index.php\/wp-json\/wp\/v2\/users\/1"}],"replies":[{"embeddable":true,"href":"https:\/\/www.camping-rochefort.com\/index.php\/wp-json\/wp\/v2\/comments?post=600"}],"version-history":[{"count":46,"href":"https:\/\/www.camping-rochefort.com\/index.php\/wp-json\/wp\/v2\/pages\/600\/revisions"}],"predecessor-version":[{"id":970,"href":"https:\/\/www.camping-rochefort.com\/index.php\/wp-json\/wp\/v2\/pages\/600\/revisions\/970"}],"wp:attachment":[{"href":"https:\/\/www.camping-rochefort.com\/index.php\/wp-json\/wp\/v2\/media?parent=600"}],"curies":[{"name":"wp","href":"https:\/\/api.w.org\/{rel}","templated":true}]}}