{"id":679,"date":"2026-02-05T10:01:14","date_gmt":"2026-02-05T10:01:14","guid":{"rendered":"https:\/\/www.camping-rochefort.com\/?page_id=679"},"modified":"2026-02-05T10:35:44","modified_gmt":"2026-02-05T10:35:44","slug":"mon-arrivee-en-mobil-home","status":"publish","type":"page","link":"https:\/\/www.camping-rochefort.com\/index.php\/mon-arrivee-en-mobil-home\/","title":{"rendered":"Mon arriv\u00e9e en mobil home"},"content":{"rendered":"\t\t<div data-elementor-type=\"wp-page\" data-elementor-id=\"679\" class=\"elementor elementor-679\">\n\t\t\t\t<div class=\"elementor-element elementor-element-a49313f e-flex e-con-boxed e-con e-parent\" data-id=\"a49313f\" data-element_type=\"container\">\n\t\t\t\t\t<div class=\"e-con-inner\">\n\t\t\t\t<div class=\"elementor-element elementor-element-031affe elementor-widget elementor-widget-heading\" data-id=\"031affe\" data-element_type=\"widget\" data-widget_type=\"heading.default\">\n\t\t\t\t\t<h1 class=\"elementor-heading-title elementor-size-default\">J'ai une r\u00e9servation, mais comment se passe mon arriv\u00e9e ?<\/h1>\t\t\t\t<\/div>\n\t\t\t\t<div class=\"elementor-element elementor-element-854e6f1 elementor-widget elementor-widget-image\" data-id=\"854e6f1\" data-element_type=\"widget\" data-widget_type=\"image.default\">\n\t\t\t\t\t\t\t\t\t\t\t\t\t\t\t<img decoding=\"async\" src=\"https:\/\/www.camping-rochefort.com\/wp-content\/uploads\/elementor\/thumbs\/Copie-de-bateau11-e1764258186472-rfbv0us67alrnri6jqh6srra0o34k52qj9jnbqg51k.jpg\" title=\"Copie de bateau11\" alt=\"bateau du camping\" loading=\"lazy\" \/>\t\t\t\t\t\t\t\t\t\t\t\t\t\t\t<\/div>\n\t\t\t\t\t<\/div>\n\t\t\t\t<\/div>\n\t\t<div class=\"elementor-element elementor-element-4f38f6f e-flex e-con-boxed e-con e-parent\" data-id=\"4f38f6f\" data-element_type=\"container\">\n\t\t\t\t\t<div class=\"e-con-inner\">\n\t\t\t\t<div class=\"elementor-element elementor-element-78e2728 elementor-widget elementor-widget-text-editor\" data-id=\"78e2728\" data-element_type=\"widget\" data-widget_type=\"text-editor.default\">\n\t\t\t\t\t\t\t\t\t<p style=\"text-align: center;\"><strong>Merci de nous avoir confi\u00e9 vos vacances !<\/strong><\/p><p style=\"text-align: center;\"><strong>Nous allons vous expliquer ce dont nous aurons besoin pour une arriv\u00e9e optimale !<\/strong><\/p><p style=\"text-align: center;\"><strong>Vous pourrez arriver \u00e0 partir de<span style=\"color: #993300;\">\u00a014h30<\/span>, munissez-vous de votre\u00a0<span style=\"color: #993300;\">carte d\u2019identit\u00e9<\/span>, du num\u00e9ro d\u2019<span style=\"color: #993300;\">immatriculation du v\u00e9hicule<\/span>\u00a0(garez-vous sur le parking, inutile de rester devant le portail, il ne s\u2019ouvrira pas\u00a0<img decoding=\"async\" class=\"emoji\" role=\"img\" draggable=\"false\" src=\"https:\/\/s.w.org\/images\/core\/emoji\/17.0.2\/svg\/1f609.svg\" alt=\"\ud83d\ude09\" \/> )et d\u2019un <span style=\"color: #993300;\">moyen de paiement<\/span> (le solde est \u00e0 r\u00e9gler \u00e0 votre arriv\u00e9e ainsi que la caution).<\/strong><\/p><p style=\"text-align: center;\"><strong>Pour le retour, il vous faudra prendre un <span style=\"color: #993300;\">rdv<\/span> pour l&rsquo;<span style=\"color: #993300;\">\u00e9tat des lieux<\/span> avant 11h (voir \u00e0 la r\u00e9ception)<\/strong><\/p>\t\t\t\t\t\t\t\t<\/div>\n\t\t\t\t\t<\/div>\n\t\t\t\t<\/div>\n\t\t\t\t<\/div>\n\t\t","protected":false},"excerpt":{"rendered":"<p>J&rsquo;ai une r\u00e9servation, mais comment se passe mon arriv\u00e9e ? Merci de nous avoir confi\u00e9 vos vacances ! Nous allons [&hellip;]<\/p>\n","protected":false},"author":1,"featured_media":0,"parent":0,"menu_order":0,"comment_status":"closed","ping_status":"closed","template":"","meta":{"site-sidebar-layout":"no-sidebar","site-content-layout":"","ast-site-content-layout":"full-width-container","site-content-style":"default","site-sidebar-style":"default","ast-global-header-display":"","ast-banner-title-visibility":"","ast-main-header-display":"","ast-hfb-above-header-display":"","ast-hfb-below-header-display":"","ast-hfb-mobile-header-display":"","site-post-title":"","ast-breadcrumbs-content":"","ast-featured-img":"disabled","footer-sml-layout":"","ast-disable-related-posts":"","theme-transparent-header-meta":"","adv-header-id-meta":"","stick-header-meta":"","header-above-stick-meta":"","header-main-stick-meta":"","header-below-stick-meta":"","astra-migrate-meta-layouts":"default","ast-page-background-enabled":"default","ast-page-background-meta":{"desktop":{"background-color":"var(--ast-global-color-5)","background-image":"","background-repeat":"repeat","background-position":"center center","background-size":"auto","background-attachment":"scroll","background-type":"","background-media":"","overlay-type":"","overlay-color":"","overlay-opacity":"","overlay-gradient":""},"tablet":{"background-color":"","background-image":"","background-repeat":"repeat","background-position":"center center","background-size":"auto","background-attachment":"scroll","background-type":"","background-media":"","overlay-type":"","overlay-color":"","overlay-opacity":"","overlay-gradient":""},"mobile":{"background-color":"","background-image":"","background-repeat":"repeat","background-position":"center center","background-size":"auto","background-attachment":"scroll","background-type":"","background-media":"","overlay-type":"","overlay-color":"","overlay-opacity":"","overlay-gradient":""}},"ast-content-background-meta":{"desktop":{"background-color":"var(--ast-global-color-4)","background-image":"","background-repeat":"repeat","background-position":"center center","background-size":"auto","background-attachment":"scroll","background-type":"","background-media":"","overlay-type":"","overlay-color":"","overlay-opacity":"","overlay-gradient":""},"tablet":{"background-color":"var(--ast-global-color-4)","background-image":"","background-repeat":"repeat","background-position":"center center","background-size":"auto","background-attachment":"scroll","background-type":"","background-media":"","overlay-type":"","overlay-color":"","overlay-opacity":"","overlay-gradient":""},"mobile":{"background-color":"var(--ast-global-color-4)","background-image":"","background-repeat":"repeat","background-position":"center center","background-size":"auto","background-attachment":"scroll","background-type":"","background-media":"","overlay-type":"","overlay-color":"","overlay-opacity":"","overlay-gradient":""}},"footnotes":""},"class_list":["post-679","page","type-page","status-publish","hentry"],"_links":{"self":[{"href":"https:\/\/www.camping-rochefort.com\/index.php\/wp-json\/wp\/v2\/pages\/679","targetHints":{"allow":["GET"]}}],"collection":[{"href":"https:\/\/www.camping-rochefort.com\/index.php\/wp-json\/wp\/v2\/pages"}],"about":[{"href":"https:\/\/www.camping-rochefort.com\/index.php\/wp-json\/wp\/v2\/types\/page"}],"author":[{"embeddable":true,"href":"https:\/\/www.camping-rochefort.com\/index.php\/wp-json\/wp\/v2\/users\/1"}],"replies":[{"embeddable":true,"href":"https:\/\/www.camping-rochefort.com\/index.php\/wp-json\/wp\/v2\/comments?post=679"}],"version-history":[{"count":19,"href":"https:\/\/www.camping-rochefort.com\/index.php\/wp-json\/wp\/v2\/pages\/679\/revisions"}],"predecessor-version":[{"id":736,"href":"https:\/\/www.camping-rochefort.com\/index.php\/wp-json\/wp\/v2\/pages\/679\/revisions\/736"}],"wp:attachment":[{"href":"https:\/\/www.camping-rochefort.com\/index.php\/wp-json\/wp\/v2\/media?parent=679"}],"curies":[{"name":"wp","href":"https:\/\/api.w.org\/{rel}","templated":true}]}}